.
2, 3, 1217
List the prime factors of 11954.
2, 43, 139
What are the prime factors of 742?
2, 7, 53
What are the prime factors of 113?
113
What are the prime factors of 1367?
1367
List the prime factors of 1669.
1669
What are the prime factors of 9560?
2, 5, 239
What are the prime factors of 117525?
3, 5, 1567
List the prime factors of 2436.
2, 3, 7, 29
List the prime factors of 45950.
2, 5, 919
What are the prime factors of 867?
3, 17
List the prime factors of 19571.
19571
List the prime factors of 4801.
4801
List the prime factors of 38080.
2, 5, 7, 17
What are the prime factors of 85188?
2, 3, 31, 229
What are the prime factors of 41655?
3, 5, 2777
List the prime factors of 585.
3, 5, 13
What are the prime factors of 12242?
2, 6121
What are the prime factors of 930?
2, 3, 5, 31
List the prime factors of 1977.
3, 659
What are the prime factors of 292?
2, 73
What are the prime factors of 12192?
2, 3, 127
What are the prime factors of 1525?
5, 61
What are the prime factors of 2950?
2, 5, 59
What are the prime factors of 60023?
193, 311
What are the prime factors of 473?
11, 43
List the prime factors of 2859.
3, 953
What are the prime factors of 402?
2, 3, 67
List the prime factors of 1278.
2, 3, 71
What are the prime factors of 122242?
2, 61121
What are the prime factors of 58712?
2, 41, 179
What are the prime factors of 46421?
61, 761
List the prime factors of 670.
2, 5, 67
List the prime factors of 7852.
2, 13, 151
What are the prime factors of 3685?
5, 11, 67
What are the prime factors of 45691?
45691
List the prime factors of 130038.
2, 3, 21673
List the prime factors of 117.
3, 13
List the prime factors of 3162.
2, 3, 17, 31
List the prime factors of 2276.
2, 569
List the prime factors of 6555.
3, 5, 19, 23
List the prime factors of 16153.
29, 557
List the prime factors of 1274.
2, 7, 13
What are the prime factors of 2236?
2, 13, 43
What are the prime factors of 21728?
2, 7, 97
List the prime factors of 1013.
1013
List the prime factors of 5619.
3, 1873
What are the prime factors of 15182?
2, 7591
List the prime factors of 116027.
116027
List the prime factors of 2303.
7, 47
List the prime factors of 617.
617
What are the prime factors of 5916?
2, 3, 17, 29
List the prime factors of 52134.
2, 3, 8689
What are the prime factors of 46729?
83, 563
What are the prime factors of 3167?
3167
What are the prime factors of 21380?
2, 5, 1069
List the prime factors of 9162.
2, 3, 509
What are the prime factors of 699?
3, 233
List the prime factors of 1073.
29, 37
List the prime factors of 66039.
3, 22013
What are the prime factors of 5452?
2, 29, 47
What are the prime factors of 31925?
5, 1277
List the prime factors of 3369.
3, 1123
List the prime factors of 10381.
7, 1483
What are the prime factors of 616?
2, 7, 11
What are the prime factors of 3621?
3, 17, 71
What are the prime factors of 8786?
2, 23, 191
List the prime factors of 2544.
2, 3, 53
What are the prime factors of 806?
2, 13, 31
List the prime factors of 22497.
3, 7499
List the prime factors of 31598.
2, 7, 37, 61
List the prime factors of 4896.
2, 3, 17
What are the prime factors of 1039?
1039
What are the prime factors of 1425?
3, 5, 19
List the prime factors of 3777.
3, 1259
List the prime factors of 266.
2, 7, 19
List the prime factors of 26919.
3, 997
What are the prime factors of 78625?
5, 17, 37
What are the prime factors of 3517?
3517
What are the prime factors of 53?
53
What are the prime factors of 2684?
2, 11, 61
What are the prime factors of 511?
7, 73
List the prime factors of 1415.
5, 283
List the prime factors of 7.
7
What are the prime factors of 1191?
3, 397
List the prime factors of 2630.
2, 5, 263
What are the prime factors of 1478?
2, 739
What are the prime factors of 1490?
2, 5, 149
What are the prime factors of 29187?
3, 23, 47
What are the prime factors of 34682?
2, 17341
List the prime factors of 2970.
2, 3, 5, 11
What are the prime factors of 37926?
2, 3, 7, 43
What are the prime factors of 242?
2, 11
What are the prime factors of 1214?
2, 607
List the prime factors of 27693.
3, 17, 181
What are the prime factors of 11619?
3, 1291
List the prime factors of 35928.
2, 3, 499
What are the prime factors of 1507?
11, 137
What are the prime factors of 268?
2, 67
List the prime factors of 2882.
2, 11, 131
What are the prime factors of 14852?
2, 47, 79
What are the prime factors of 2554?
2, 1277
List the prime factors of 429.
3, 11, 13
List the prime factors of 28807.
28807
List the prime factors of 9753.
3, 3251
What are the prime factors of 75546?
2, 3, 1399
What are the prime factors of 11566?
2, 5783
What are the prime factors of 2906?
2, 1453
What are the prime factors of 1185?
3, 5, 79
List the prime factors of 8625.
3, 5, 23
What are the prime factors of 756?
2, 3, 7
What are the prime factors of 17527?
17, 1031
List the prime factors of 58503.
3, 19501
What are the prime factors of 54050?
2, 5, 23, 47
List the prime factors of 10204.
2, 2551
List the prime factors of 323.
17, 19
List the prime factors of 4406.
2, 2203
What are the prime factors of 5117?
7, 17, 43
List the prime factors of 1779.
3, 593
List the prime factors of 4877.
4877
What are the prime factors of 54201?
3, 7, 29, 89
List the prime factors of 629.
17, 37
What are the prime factors of 90814?
2, 17, 2671
What are the prime factors of 3498?
2, 3, 11, 53
What are the prime factors of 747?
3, 83
List the prime factors of 8608.
2, 269
What are the prime factors of 25975?
5, 1039
What are the prime factors of 4220?
2, 5, 211
List the prime factors of 5804.
2, 1451
List the prime factors of 1637.
1637
List the prime factors of 4960.
2, 5, 31
List the prime factors of 1513.
17, 89
List the prime factors of 3732.
2, 3, 311
What are the prime factors of 19431?
3, 17, 127
List the prime factors of 1290.
2, 3, 5, 43
What are the prime factors of 1512?
2, 3, 7
List the prime factors of 60341.
83, 727
List the prime factors of 51712.
2, 101
List the prime factors of 8817.
3, 2939
List the prime factors of 45257.
167, 271
List the prime factors of 4.
2
List the prime factors of 25149.
3, 83, 101
List the prime factors of 9387.
3, 7, 149
List the prime factors of 1967.
7, 281
What are the prime factors of 983?
983
What are the prime factors of 8838?
2, 3, 491
List the prime factors of 18148.
2, 13, 349
What are the prime factors of 1235?
5, 13, 19
What are the prime factors of 21299?
19, 59
What are the prime factors of 10137?
3, 31, 109
List the prime factors of 555.
3, 5, 37
What are the prime factors of 61616?
2, 3851
What are the prime factors of 164?
2, 41
What are the prime factors of 4376?
2, 547
What are the prime factors of 316?
2, 79
What are the prime factors of 1739?
37, 47
What are the prime factors of 4158?
2, 3, 7, 11
What are the prime factors of 227?
227
List the prime factors of 28854.
2, 3, 7, 229
What are the prime factors of 41012?
2, 10253
List the prime factors of 2034.
2, 3, 113
List the prime factors of 5313.
3, 7, 11, 23
What are the prime factors of 109446?
2, 3, 17, 29, 37
What are the prime factors of 22233?
3, 7411
List the prime factors of 488.
2, 61
What are the prime factors of 14410?
2, 5, 11, 131
List the prime factors of 4413.
3, 1471
List the prime factors of 1258.
2, 17, 37
What are the prime factors of 5923?
5923
List the prime factors of 1785.
3, 5, 7, 17
List the prime factors of 130.
2, 5, 13
What are the prime factors of 1391?
13, 107
List the prime factors of 26069.
131, 199
What are the prime factors of 420?
2, 3, 5, 7
List the prime factors of 3157.
7, 11, 41
What are the prime factors of 53402?
2, 26701
What are the prime factors of 2820?
2, 3, 5, 47
What are the prime factors of 1317?
3, 439
What are the prime factors of 1445?
5, 17
List the prime factors of 15558.
2, 3, 2593
What are the prime factors of 1779?
3, 593
List the prime factors of 18198.
2, 3, 337
List the prime factors of 209.
11, 19
List the prime factors of 4241.
4241
List the prime factors of 14374.
2, 7187
List the prime factors of 138426.
2, 3, 23071
List the prime factors of 266.
2, 7, 19
What are the prime factors of 551?
19, 29
What are the prime factors of 51436?
2, 7, 11, 167
List the prime factors of 1453.
1453
What are the prime factors of 2389?
2389
What are the prime factors of 